04).
-22
16 + 34 - (-3 - (3 - 23))
33
(-4 - 3) + (-18 + (-1 - -7) - 3)
-22
Calculate -8 + 0 - (-16 - ((14 - (4 + 3)) + 10)).
25
-82 - (-16 + 0 + -14 + 14)
-66
Calculate 254 - 318 - (-4 + -34).
-26
-45 + (62 - 55 - -50)
12
Calculate 167 - (-50 - -77 - -66).
74
Evaluate -118 + (-131 + -14 - -129).
-134
-3 + (-1 - (-14 + 2)) + (252 - 255)
5
Calculate 2 + -5 - 81 - (68 + -143 - -79).
-88
What is the value of -2 - (12 + 4 + -12) - -20 - -3?
17
Calculate -15 + -3 + -24 + 4 + 3 + 0 + 6.
-29
Evaluate (-1 - (-11 + (1 - 0))) + (263 - (33 - -337)).
-98
(185 - 174) + 3 + (-1 - 6) + -2
5
Evaluate (-12 - 0) + ((-32 + 16 - -22) + 7 - -58).
59
Calculate -375 - -412 - (-38 - 63).
138
Evaluate 4 + 70 + -2 + 16 + (-33 + 9 - -10).
74
Evaluate (0 - 1) + -2 + 32 + -36 + 59.
52
-101 - -134 - (6 - -73)
-46
Evaluate (6 - 8) + -3 + 29 + -11 + 11 + -3.
21
Evaluate (84 + 32 - 71) + -45.
0
Calculate 39 - (-2 - (27 - 39)).
29
(285 - 416) + 58 + 9
-64
Evaluate 43 - 0 - (25 + (3 - (46 - 22))).
39
Calculate 19 - (-54 - -66) - -25.
32
What is 0 + 2 + (-24 - (38 + -41 + -18)) + 43?
42
120 + -175 + (-14 - -43)
-26
0 + -30 + 8 + 1 + (-4 - (3 + 5))
-33
Calculate -61 + 73 + (4 - (-3 - 5 - -8) - 88).
-72
Evaluate -63 - (-65 - 45) - -5.
52
What is the value of -25 + 35 + (4 - 39) - (1 - (6 - -1))?
-19
Calculate 12 + -18 + 13 + 1 + -37 + -8.
-37
What is the value of -35 - (-4 - (-3 - -2) - (-81 - -68) - 16)?
-29
What is the value of -126 + 38 + 37 + 33?
-18
257 + -271 + (26 - 4) - 109
-101
What is 15 + -72 + 20 + (15 - 18)?
-40
12 - (74 + 2 + 0 + (49 - 31 - 10))
-72
Calculate 2 - (13 - (1 + 12)) - (-8 - (-56 + 5)).
-41
8 + -13 + 12 + (-1 - 0) + 77
83
What is -48 + 50 + 9 + 8 + -6?
13
(-15 - 2 - (-8 - -12)) + 29 + 15 + 0
23
Evaluate -51 + (-41 - -127) + -32.
3
80 + -130 + 14 + 19
-17
Evaluate -18 + (16 - (4 + -11 + (11 - -11))).
-17
What is the value of -51 - (14 + -98 + 124)?
-91
Calculate 18 + 0 + -1 - (211 - 144).
-50
What is the value of 108 + (5 - 94) + -30?
-11
What is (20 - (-13 - -21) - (-82 + (5 - -1))) + -13?
75
(-2 - -26) + -99 + -3 + (-650 - -655)
-73
3 - 0 - 57 - (-67 + 20 + 39)
-46
Evaluate -19 - (-6 + 3 + -48 + 47 - 2 - -11).
-24
Calculate 32 + -13 + -3 + -25 + (34 - 3).
22
Evaluate 83 - (253 - (-49 - -103)).
-116
Evaluate 62 - ((2 - 5) + (-40 - -28) - -16).
61
Calculate 2 + 0 + 58 + -11 + (-15 - -6).
40
What is 0 - -19 - (149 + (7 - 101))?
-36
-4952 + 4904 - (1 - 3)
-46
What is 0 + 0 + (61 - 3 - (-310 + 333))?
35
What is 23281 + -23214 + (-2 - -3) + 45?
113
Evaluate -11 - ((984 - 997) + (0 + -1 - 1)).
4
(77 - (-28 - (-5 - 43))) + 13
70
What is -72 - (44 - 174) - 8?
50
What is the value of 2 - (25 + -2 - (-16 + 24 + -19))?
-32
What is the value of -4 + 34 - 145 - (6 + (-6 - 5))?
-110
Evaluate 50 + (104 - 3) + -148.
3
What is -1 - (-1 + -55 - 1) - (-61 - -60 - -12)?
45
Calculate 30 + 2 - (7 + 18 + -35).
42
What is -13 - (131 - ((15 - -6) + 15))?
-108
Evaluate -13 - 63 - -141 - 66.
-1
Evaluate 6 + 1 + (11 - 37 - (-11 + 3 + 9)).
-20
Evaluate (49 - -11) + -55 - 42.
-37
Evaluate -138 + -1 - 2 - (3294 + -3335).
-100
(-2 + 27 - 17) + 64 - (7 - (0 - -1))
66
Calculate (-952 + 997 - (1 + -19)) + 17.
80
What is -3 + 15 + (-13 - -3 - (27 - 34)) - -26?
35
What is 433 + -455 + (-49 - -12)?
-59
(-30 - (-45 - -38)) + -19 + -40
-82
-36 - ((43 - 34) + -43)
-2
Calculate -21 + (2 - 0) + (-3628 - -3618) - -5.
-24
Evaluate (-4285 - -4474) + (-61 - 1).
127
What is the value of 0 + -1 + 25 - (16 - 48)?
56
Calculate (-32 - (-20 - 28) - (39 - -2)) + -7.
-32
What is the value of 32 - (-10 - -25) - (-24 + 12)?
29
What is the value of -17 + 1 + 7 + -3 + 5 + 88 + -102?
-21
Calculate (4 - ((-3 - -5) + 7)) + (-83 - (32 - 16)).
-104
Evaluate -206 - ((-8 - 193) + 131).
-136
-53 + 8 + (72 - 28)
-1
Evaluate -6 + 12 + (-104 - -203).
105
-68 + 256 + -83 - (1 - 16)
120
Calculate 42 + -30 + 30 + -39 + (0 + 0 - -5).
8
Evaluate (42 - 0) + (2554 - 2505).
91
What is -10 - 2 - (-120 + 11 + -16 + (2 - -21))?
90
Calculate -31 - (44 + -11 - (69 + -35)).
-30
-24 + -16 + 35 + (-3 - 0) - 17 - -9
-16
Calculate (-1 - (-4 + 26)) + -473 + 501.
5
-205 + 22 + -34 + 105
-112
Calculate (-535 - -657) + (-53 - -3) - (-3 + -1 - -1).
75
What is the value of -73 - (37 + -142) - -7?
39
Calculate (7 - (183 - 167)) + (45 - 0 - (2 - 2)).
36
Calculate 14 - (-7 - -10) - (7 - 0) - (-2 + -2).
8
What is -3 + 9 - ((-1 - -21) + -12 + 1 + -6)?
3
Calculate -2 + 24 + (-2997 - -2927).
-48
-113 + 29 + (0 + 1 - 2 - (-76 + 81))
-90
What is (-17 - 10) + 64 + (-2 - 26)?
9
Evaluate 6 + 1 + (102 - 40) + -45.
24
58 - (33 + -78 + (0 - -38))
65
Calculate 46 - (-18 + 46) - (-1 + 15).
4
5 + -4 - ((0 - -8 - 3) + (-76 - -65))
7
Calculate -3 - (-49 - -37 - -14 - (37 + 1)).
33
Calculate -6 + -5 + 8 + 6 + (11 - -9 - -10).
33
What is the value of 15 - (12 - -4 - (17 - 9)) - -21?
28
What is 7 + -7 + 1 + 29 + -32?
-2
What is (-5 - -8) + (40 - -37 - -16)?
96
95 + -222 + 4 + 7
-116
What is (88 - 13) + (1 - (-11 - 10)) + -6 + -5?
86
Evaluate (14 - -4) + 1 - (-14 - (-52 + 138)).
119
What is -106 + 40 + (0 - 6) + -6?
-78
(-6 - 1) + 122 + -16 + 4
103
Evaluate -23 + 7 - (-2 + (-13 - -21)).
-22
What is -4 + -24 + -6 + (5 - -3) + 61 + -52?
-17
What is the value of 185 + -18 + -159 + -10 + 0?
-2
Calculate (8 - -11) + (-3 + (9 - -6) - (-3 - -19)).
15
Calculate 10 + 3 + 27 + -39 + -6 + -3.
-8
What is the value of 128 - (14 + (-29 + 35 - (-5 - 0)) + -38)?
141
Evaluate 3 - (12 - (-22 - -29 - 29)).
-31
Evaluate -5 - 7 - (38 - 24 - 24) - -2.
0
What is the value of (4 + (0 - 0) - 38) + 0 + 26 + -32?
-40
What is the value of 15 - (8 - -28 - 14) - 9 - 29?
-45
What is -37 + 11 + -15 + (1 - -1)?
-39
Calculate -152 + -37 + 87 + -25.
-127
What is the value of 198 - -1 - (11851 - 11742)?
90
What is 9 - 3 - (1 - (10 + (5 - 3 - 3)))?
14
Evaluate -82 + -198 + 373 + -1 + -1 + 0 + -1.
90
What is the value of (-6 - -29) + 11 + (5 - 19) + 4?
24
What is the value of -78 + 68 - (-16 - (20 + -31))?
-5
Calculate -19 + 0 + 8 - (63 + -104).
30
72 + -77 + 4 + (-6 - 5) + 59
47
Evaluate (-1 - -3 - 15) + -63 + (76 - -31).
31
What is the value of -29 - (-56 + 1 - -63)?
-37
What is the value of (13 - -2) + -9 + 89 + -105?
-10
Calculate 53 + 3 - (-37 + (120 - 61)).
34
Calculate (-69 - -36) + (376 - 436).
-93
Evaluate 54 - ((-13 - (-8 - (3 - -3))) + 7).
46
-30 + 1 + -1 + 11 + -574 + 558
-35
What is the value of -23 + (35 - (10 + 20 + -13))?
-5
(70 + -67 + (-15 - -2) - 5) + -25
-40
26 + -8 + 0 + -1 + 16
33
Evaluate 342 + -347 + 29 + (-5 - -3) + 7.
29
Evaluate -16 - ((-258 - -250) + 0 + -26).
18
What is the value of (-5 - ((-154 - -140) + 4 + 1)) + -4 - -63?
63
(-2 + -8 + (3 - 0) - (-1 - 9)) + 3
6
What is the value of 73 + 3 + (8 - (1 + -9 + 21)) + -13?
58
Evaluate 23 - 25 - (-5 + -10 + 27) - (-94 - -4).
76
Evaluate 2666 + -2689 - (-2 + 1 + -59).
37
Evaluate -1 + 1 + 2 + (-13 - (34 - 8)) + 45.
8
137 + (-25 - 41) + -114
-43
What is (113 - 77 - (8 + 1)) + 11?
38
22 + 26 + 55 + -40
63
-1 - (2 + -27) - 48
-24
Evaluate -41 - (10 - (23 + -21 + 12)).
-37
What is -23 + 12 + 83 - (6 + -5 + -25)?
96
-72 + 92 + -97 + 22
-55
Calculate (0 - (11 + -32)) + -54.
-33
Evaluate 25 + (-11 - -2) - (64 + 2) - -13.
-37
What is 0 + -1 + -11 + (20 - 93) + 85?
0
-4 + (-5 - -11) - ((4 - 5) + -28)
31
What is the value of -8 + (-11 - (-4 + -24)) + -47 + (-2 - 5)?
-45
What is -25 + (11 + -18 - (-69 - -86))?
-49
Calculate 0 - ((-34 - -54) + -29).
9
What is the value of -40 + -1 - (3586 + -3634)?
7
Calculate -2 - (-95 - -11 - -21 - (6 + -3)).
64
What is the value of -75 - (-73 + 63 + -24)?
-41
What is the value of -12 + -12 + (13 - (12 + -23)) + -11 + -7?
-18
-14 - (1 + -4) - (-59 - (0 + 33 - 28))
53
(-14 - -8) + 34 + (-99 - -58)
-13
Calculate 62 - (6 + -9 + 97).
-32
What is 6 - (-3 - (-13 + (2 - -7))) - 14?
-9
(4 - 86) + (14 - 8) - (21 - (-3 + 23))
-77
What is -6 + 17 + 2 + (-1 - -11 - 7)?
16
What is the value of -4 - -14 - (-51 - -9) - 0 - 5?
47
-58 + (25 + -21 - (2 + 22)) + 29
-49
What is -1 + 14 - (-68 + 8 - (-82 - -59))?
50
Calculate 47 + 58 + (-93 - -19).
31
Calculate -29 - (-4 - -24) - (-15 + (4 - -1)).
-39
What is 3 + (1 - -1) + -1 - (17 - 25)?
12
Calculate (-12 - 3) + -74 + 90 - (-25 + -2).
28
What is the value of -1 + 12 + 17 + -21 + -37?
-30
Evaluate -60 + (1 + 60 - (1597 - 1564)).
-32
What is the value of (-1 - 83) + 5 + 9 - 17 